{"id":2697,"date":"2020-02-13T23:17:25","date_gmt":"2020-02-13T23:17:25","guid":{"rendered":"https:\/\/drmauricioleon.net\/portal\/?page_id=2697"},"modified":"2020-02-21T05:51:45","modified_gmt":"2020-02-21T05:51:45","slug":"factores","status":"publish","type":"page","link":"https:\/\/drmauricioleon.net\/portal\/cancer-de-mama\/factores\/","title":{"rendered":"Factores de riesgo"},"content":{"rendered":"<p>[vc_row full_width=&#8221;0&#8243; full_height=&#8221;0&#8243; sep_bottom=&#8221;separator_bottom sep_angled_positive_bottom&#8221; particles=&#8221;0&#8243;][vc_column width=&#8221;1\/2&#8243; margin=&#8221;margin_bottom_grid&#8221; offset=&#8221;vc_col-md-8&#8243;][vc_column_text]<\/p>\n<p style=\"text-align: justify;\"><strong><img loading=\"lazy\" class=\"size-medium wp-image-2886 alignleft\" src=\"https:\/\/drmauricioleon.net\/portal\/wp-content\/uploads\/2020\/02\/Distribucion-300x212.png\" alt=\"\" width=\"300\" height=\"212\" srcset=\"https:\/\/drmauricioleon.net\/portal\/wp-content\/uploads\/2020\/02\/Distribucion-300x212.png 300w, https:\/\/drmauricioleon.net\/portal\/wp-content\/uploads\/2020\/02\/Distribucion-1024x724.png 1024w, https:\/\/drmauricioleon.net\/portal\/wp-content\/uploads\/2020\/02\/Distribucion-768x543.png 768w, https:\/\/drmauricioleon.net\/portal\/wp-content\/uploads\/2020\/02\/Distribucion.png 1200w\" sizes=\"(max-width: 300px) 100vw, 300px\" \/>La edad:<\/strong> El riesgo de padecer c\u00e1ncer de mama aumenta con la edad, m\u00e1s del 75% de los casos se diagnostican en mujeres mayores de 50 a\u00f1os, y el 18% restante entre los cuarenta y cincuenta a\u00f1os.<\/p>\n<p><strong>Antecedentes familiares:<\/strong> El riesgo es mayor entre las mujeres cuyos parientes consangu\u00edneos desarrollaron esta enfermedad. Si un familiar de primer grado (madre, hermana o hija) padece este mal, el riesgo de la mujer casi se duplica.<\/p>\n<p><strong>Mutaciones gen\u00e9ticas:<\/strong> Los genes que con m\u00e1s frecuencia provocan c\u00e1ncer de mama por su mutaci\u00f3n son los genes BRCA1 y BRCA2, que hacen que las c\u00e9lulas produzcan prote\u00ednas que evitan el crecimiento anormal de las c\u00e9lulas, y si la presentan, este mecanismo falla aumentando el riesgo de este c\u00e1ncer en un 80%.<\/p>\n<p><strong>Menarqu\u00eda tard\u00eda y menopausia temprana:<\/strong> El tener m\u00e1s ciclos menstruales a lo largo de la vida suponen un aumento de la exposici\u00f3n a estr\u00f3genos, que aumentan el riesgo de padecer c\u00e1ncer de mama. Por ello, las mujeres que han tenido la primera menstruaci\u00f3n a edades m\u00e1s tempranas, antes de los 12 a\u00f1os, y\/o la menopausia m\u00e1s tarde de los 55 a\u00f1os, tienen m\u00e1s probabilidad de desarrollar esta enfermedad.<\/p>\n<p><strong>Terapia hormonal tras la menopausia:<\/strong> Este tipo de tratamiento utilizado para disminuir los s\u00edntomas de la menopausia, puede llevarse a cabo con estr\u00f3genos o con una combinaci\u00f3n de estr\u00f3genos y progesterona. Ambos incrementan las posibilidades de un c\u00e1ncer de mama hormonosensible, sobre todo si se usan por un periodo mayor de 2 a\u00f1os.<\/p>\n<p><strong><img loading=\"lazy\" class=\"alignright wp-image-2879 size-medium\" src=\"https:\/\/drmauricioleon.net\/portal\/wp-content\/uploads\/2020\/02\/Cancerdemama-203x300.jpg\" alt=\"\" width=\"203\" height=\"300\" srcset=\"https:\/\/drmauricioleon.net\/portal\/wp-content\/uploads\/2020\/02\/Cancerdemama-203x300.jpg 203w, https:\/\/drmauricioleon.net\/portal\/wp-content\/uploads\/2020\/02\/Cancerdemama.jpg 566w\" sizes=\"(max-width: 203px) 100vw, 203px\" \/>Lactancia y embarazo:<\/strong> Las mujeres que no han tenido hijos presentan mayor riesgo de padecer c\u00e1ncer de mama, y este riesgo va disminuyendo a medida que se tienen m\u00e1s hijos. Respecto a la lactancia, se ha visto que dar de mamar reduce el riesgo de c\u00e1ncer de la madre y de su ni\u00f1o.<\/p>\n<p><strong>Sobrepeso y obesidad:<\/strong> El sobrepeso supone un riesgo elevado de c\u00e1ncer de mama, en especial para mujeres postmenop\u00e1usicas. Una mayor cantidad de tejido graso implica un mayor nivel de estr\u00f3genos, lo que aumenta el riesgo de c\u00e1ncer.<\/p>\n<p><strong>Consumo de alcohol y tabaco:<\/strong> El alcohol puede incrementar los niveles de estr\u00f3geno y otras hormonas asociadas al c\u00e1ncer de mama hormonosensible, que son la mayor\u00eda. Adem\u00e1s, lo hacen tambi\u00e9n al da\u00f1ar el ADN de las c\u00e9lulas.<\/p>\n<p>Por otro lado, las mujeres que fuman o han fumado alrededor de un paquete de cigarrillos al d\u00eda durante 10 a\u00f1os tienen un riesgo elevado de desarrollar este tipo de c\u00e1ncer.[\/vc_column_text][\/vc_column][vc_column width=&#8221;1\/2&#8243; offset=&#8221;vc_col-md-4&#8243;][vc_column_text]<img loading=\"lazy\" class=\"alignnone wp-image-2881\" src=\"https:\/\/drmauricioleon.net\/portal\/wp-content\/uploads\/2020\/02\/Estadios-300x128.png\" alt=\"\" width=\"396\" height=\"169\" srcset=\"https:\/\/drmauricioleon.net\/portal\/wp-content\/uploads\/2020\/02\/Estadios-300x128.png 300w, https:\/\/drmauricioleon.net\/portal\/wp-content\/uploads\/2020\/02\/Estadios-1024x435.png 1024w, https:\/\/drmauricioleon.net\/portal\/wp-content\/uploads\/2020\/02\/Estadios-768x326.png 768w, https:\/\/drmauricioleon.net\/portal\/wp-content\/uploads\/2020\/02\/Estadios-1536x653.png 1536w, https:\/\/drmauricioleon.net\/portal\/wp-content\/uploads\/2020\/02\/Estadios-2048x870.png 2048w\" sizes=\"(max-width: 396px) 100vw, 396px\" \/>[\/vc_column_text]<div class=\"plethora_button wpb_content_element   text-left btn_block\">\r\n    <a href=\"http:\/\/drmauricioleon.net\/portal\/2020\/01\/22\/cancer-de-pulmon\/\" debug class=\" btn btn-secondary  \" title=\"\"  target=\"_self\">\r\n\r\n        \r\n        Ver C\u00e1ncer de pulm\u00f3n\r\n        \r\n\r\n    <\/a>\r\n<\/div><div class=\"ple_anypostloop_shortcode wpb_content_element  \"><div id=\"slider_5e29096e1b03e\" class=\"posts_slider_classic_horizontal_wrapper posts_slider_minimal ple_has_fadein \">   \r\n        <div class=\"posts_list_item  temas-de-interes higado   \" >\r\n        <div class=\"flex\">\r\n\r\n                    <a href=\"https:\/\/drmauricioleon.net\/portal\/2020\/01\/22\/cancer-de-higado\/\" title=\"C\u00e1ncer de H\u00edgado\" target=\"_parent\" class=\" post_list_item--img_link\">Leer m\u00e1s\r\n\r\n                <div class=\"posts_list_item_photo\" style=\"background-image: url('https:\/\/drmauricioleon.net\/portal\/wp-content\/uploads\/2020\/01\/cancer-higado.jpg')\"><\/div>\r\n\r\n                <\/a>\r\n\r\n                <div class=\"\">\r\n                    <div class=\"posts_list_item_content\">\r\n\r\n\r\n                        \r\n                            <h5 class=\"textify_links\">\r\n                                    <a href=\"https:\/\/drmauricioleon.net\/portal\/2020\/01\/22\/cancer-de-higado\/\" title=\"C\u00e1ncer de H\u00edgado\" target=\"_parent\" class=\"\">C\u00e1ncer de H\u00edgado<\/a>\r\n                            <\/h5>\r\n\r\n                         \r\n\r\n                        <p class=\"excerpt\">Debido a que el h\u00edgado se compone de distintos tipos de c\u00e9lulas, es posible que&hellip;<\/p>\r\n                        \r\n                            <a href=\"https:\/\/drmauricioleon.net\/portal\/2020\/01\/22\/cancer-de-higado\/\" title=\"C\u00e1ncer de H\u00edgado\" target=\"_parent\" class=\"btn btn-link \">Leer m\u00e1s<\/a>\r\n\r\n                    <\/div>\r\n                <\/div>\r\n        <\/div>        \r\n        <\/div>\r\n        <div class=\"posts_list_item  temas-de-interes prostata   \" >\r\n        <div class=\"flex\">\r\n\r\n                    <a href=\"https:\/\/drmauricioleon.net\/portal\/2020\/01\/22\/cancer-de-prostata\/\" title=\"C\u00e1ncer de Pr\u00f3stata\" target=\"_parent\" class=\" post_list_item--img_link\">Leer m\u00e1s\r\n\r\n                <div class=\"posts_list_item_photo\" style=\"background-image: url('https:\/\/drmauricioleon.net\/portal\/wp-content\/uploads\/2020\/01\/cancer-prostata.jpg')\"><\/div>\r\n\r\n                <\/a>\r\n\r\n                <div class=\"\">\r\n                    <div class=\"posts_list_item_content\">\r\n\r\n\r\n                        \r\n                            <h5 class=\"textify_links\">\r\n                                    <a href=\"https:\/\/drmauricioleon.net\/portal\/2020\/01\/22\/cancer-de-prostata\/\" title=\"C\u00e1ncer de Pr\u00f3stata\" target=\"_parent\" class=\"\">C\u00e1ncer de Pr\u00f3stata<\/a>\r\n                            <\/h5>\r\n\r\n                         \r\n\r\n                        <p class=\"excerpt\">arios tipos de c\u00e9lulas se encuentran en la pr\u00f3stata, pero casi todos los casos de&hellip;<\/p>\r\n                        \r\n                            <a href=\"https:\/\/drmauricioleon.net\/portal\/2020\/01\/22\/cancer-de-prostata\/\" title=\"C\u00e1ncer de Pr\u00f3stata\" target=\"_parent\" class=\"btn btn-link \">Leer m\u00e1s<\/a>\r\n\r\n                    <\/div>\r\n                <\/div>\r\n        <\/div>        \r\n        <\/div>\r\n        <div class=\"posts_list_item  temas-de-interes pulmon   \" >\r\n        <div class=\"flex\">\r\n\r\n                    <a href=\"https:\/\/drmauricioleon.net\/portal\/2020\/01\/22\/cancer-de-pulmon\/\" title=\"C\u00e1ncer de Pulm\u00f3n\" target=\"_parent\" class=\" post_list_item--img_link\">Leer m\u00e1s\r\n\r\n                <div class=\"posts_list_item_photo\" style=\"background-image: url('https:\/\/drmauricioleon.net\/portal\/wp-content\/uploads\/2020\/01\/cancer-pulmon.jpg')\"><\/div>\r\n\r\n                <\/a>\r\n\r\n                <div class=\"\">\r\n                    <div class=\"posts_list_item_content\">\r\n\r\n\r\n                        \r\n                            <h5 class=\"textify_links\">\r\n                                    <a href=\"https:\/\/drmauricioleon.net\/portal\/2020\/01\/22\/cancer-de-pulmon\/\" title=\"C\u00e1ncer de Pulm\u00f3n\" target=\"_parent\" class=\"\">C\u00e1ncer de Pulm\u00f3n<\/a>\r\n                            <\/h5>\r\n\r\n                         \r\n\r\n                        <p class=\"excerpt\">El c\u00e1ncer de pulm\u00f3n consiste en un crecimiento anormal de las c\u00e9lulas del pulm\u00f3n. La&hellip;<\/p>\r\n                        \r\n                            <a href=\"https:\/\/drmauricioleon.net\/portal\/2020\/01\/22\/cancer-de-pulmon\/\" title=\"C\u00e1ncer de Pulm\u00f3n\" target=\"_parent\" class=\"btn btn-link \">Leer m\u00e1s<\/a>\r\n\r\n                    <\/div>\r\n                <\/div>\r\n        <\/div>        \r\n        <\/div>\r\n        <div class=\"posts_list_item  temas-de-interes cancer colon   \" >\r\n        <div class=\"flex\">\r\n\r\n                    <a href=\"https:\/\/drmauricioleon.net\/portal\/2020\/01\/22\/cancer-de-colon\/\" title=\"C\u00e1ncer de Colon\" target=\"_parent\" class=\" post_list_item--img_link\">Leer m\u00e1s\r\n\r\n                <div class=\"posts_list_item_photo\" style=\"background-image: url('https:\/\/drmauricioleon.net\/portal\/wp-content\/uploads\/2020\/01\/cancer-colon.jpg')\"><\/div>\r\n\r\n                <\/a>\r\n\r\n                <div class=\"\">\r\n                    <div class=\"posts_list_item_content\">\r\n\r\n\r\n                        \r\n                            <h5 class=\"textify_links\">\r\n                                    <a href=\"https:\/\/drmauricioleon.net\/portal\/2020\/01\/22\/cancer-de-colon\/\" title=\"C\u00e1ncer de Colon\" target=\"_parent\" class=\"\">C\u00e1ncer de Colon<\/a>\r\n                            <\/h5>\r\n\r\n                         \r\n\r\n                        <p class=\"excerpt\">El c\u00e1ncer colorrectal se origina en el sistema digestivo, al que tambi\u00e9n se le conoce&hellip;<\/p>\r\n                        \r\n                            <a href=\"https:\/\/drmauricioleon.net\/portal\/2020\/01\/22\/cancer-de-colon\/\" title=\"C\u00e1ncer de Colon\" target=\"_parent\" class=\"btn btn-link \">Leer m\u00e1s<\/a>\r\n\r\n                    <\/div>\r\n                <\/div>\r\n        <\/div>        \r\n        <\/div>\r\n        <div class=\"posts_list_item  temas-de-interes cancer estomago   \" >\r\n        <div class=\"flex\">\r\n\r\n                    <a href=\"https:\/\/drmauricioleon.net\/portal\/2020\/01\/22\/cancer-de-estomago\/\" title=\"C\u00e1ncer de Est\u00f3mago\" target=\"_parent\" class=\" post_list_item--img_link\">Leer m\u00e1s\r\n\r\n                <div class=\"posts_list_item_photo\" style=\"background-image: url('https:\/\/drmauricioleon.net\/portal\/wp-content\/uploads\/2020\/01\/cancer-estomago.gif')\"><\/div>\r\n\r\n                <\/a>\r\n\r\n                <div class=\"\">\r\n                    <div class=\"posts_list_item_content\">\r\n\r\n\r\n                        \r\n                            <h5 class=\"textify_links\">\r\n                                    <a href=\"https:\/\/drmauricioleon.net\/portal\/2020\/01\/22\/cancer-de-estomago\/\" title=\"C\u00e1ncer de Est\u00f3mago\" target=\"_parent\" class=\"\">C\u00e1ncer de Est\u00f3mago<\/a>\r\n                            <\/h5>\r\n\r\n                         \r\n\r\n                        <p class=\"excerpt\">El c\u00e1ncer de est\u00f3mago se origina en la mucosa en la mayor\u00eda de las veces,&hellip;<\/p>\r\n                        \r\n                            <a href=\"https:\/\/drmauricioleon.net\/portal\/2020\/01\/22\/cancer-de-estomago\/\" title=\"C\u00e1ncer de Est\u00f3mago\" target=\"_parent\" class=\"btn btn-link \">Leer m\u00e1s<\/a>\r\n\r\n                    <\/div>\r\n                <\/div>\r\n        <\/div>        \r\n        <\/div>\r\n<\/div><\/div>[vc_hoverbox image=&#8221;2515&#8243; primary_title=&#8221;Auto Examen de Mama&#8221; hover_title=&#8221;Auto Examen de Mama&#8221; hover_btn_title=&#8221;Leer m\u00e1s&#8221; hover_add_button=&#8221;true&#8221; hover_btn_link=&#8221;url:https%3A%2F%2Fdrmauricioleon.net%2Fportal%2Fcancer-de-mama%2Fautoexamen%2F|||&#8221;]Instrucciones para practicar correctamente el autoexamen de mama[\/vc_hoverbox][\/vc_column][\/vc_row]<\/p>\n","protected":false},"excerpt":{"rendered":"<p>[vc_row full_width=&#8221;0&#8243; full_height=&#8221;0&#8243; sep_bottom=&#8221;separator_bottom sep_angled_positive_bottom&#8221; particles=&#8221;0&#8243;][vc_column width=&#8221;1\/2&#8243; margin=&#8221;margin_bottom_grid&#8221; offset=&#8221;vc_col-md-8&#8243;][vc_column_text] La edad: El riesgo de padecer c\u00e1ncer de mama aumenta con la edad, m\u00e1s del 75% de los casos se diagnostican en mujeres mayores de 50 a\u00f1os, y el 18% restante entre los cuarenta y cincuenta a\u00f1os. Antecedentes familiares: El riesgo es mayor entre las mujeres [&hellip;]<\/p>\n","protected":false},"author":1,"featured_media":0,"parent":2703,"menu_order":0,"comment_status":"closed","ping_status":"closed","template":"","meta":[],"yoast_head":"<!-- This site is optimized with the Yoast SEO plugin v18.3 - https:\/\/yoast.com\/wordpress\/plugins\/seo\/ -->\n<title>Factores de riesgo - Dr Mauricio Le\u00f3n<\/title>\n<meta name=\"robots\" content=\"index, follow, max-snippet:-1, max-image-preview:large, max-video-preview:-1\" \/>\n<link rel=\"canonical\" href=\"https:\/\/drmauricioleon.net\/portal\/cancer-de-mama\/factores\/\" \/>\n<meta property=\"og:locale\" content=\"es_ES\" \/>\n<meta property=\"og:type\" content=\"article\" \/>\n<meta property=\"og:title\" content=\"Factores de riesgo - Dr Mauricio Le\u00f3n\" \/>\n<meta property=\"og:description\" content=\"[vc_row full_width=&#8221;0&#8243; full_height=&#8221;0&#8243; sep_bottom=&#8221;separator_bottom sep_angled_positive_bottom&#8221; particles=&#8221;0&#8243;][vc_column width=&#8221;1\/2&#8243; margin=&#8221;margin_bottom_grid&#8221; offset=&#8221;vc_col-md-8&#8243;][vc_column_text] La edad: El riesgo de padecer c\u00e1ncer de mama aumenta con la edad, m\u00e1s del 75% de los casos se diagnostican en mujeres mayores de 50 a\u00f1os, y el 18% restante entre los cuarenta y cincuenta a\u00f1os. Antecedentes familiares: El riesgo es mayor entre las mujeres [&hellip;]\" \/>\n<meta property=\"og:url\" content=\"https:\/\/drmauricioleon.net\/portal\/cancer-de-mama\/factores\/\" \/>\n<meta property=\"og:site_name\" content=\"Dr Mauricio Le\u00f3n\" \/>\n<meta property=\"article:publisher\" content=\"https:\/\/www.facebook.com\/Dr.mauricioleon\" \/>\n<meta property=\"article:modified_time\" content=\"2020-02-21T05:51:45+00:00\" \/>\n<meta property=\"og:image\" content=\"https:\/\/drmauricioleon.net\/portal\/wp-content\/uploads\/2020\/02\/Distribucion-300x212.png\" \/>\n<meta name=\"twitter:card\" content=\"summary_large_image\" \/>\n<meta name=\"twitter:site\" content=\"@drleonmauricio\" \/>\n<meta name=\"twitter:label1\" content=\"Est. reading time\" \/>\n\t<meta name=\"twitter:data1\" content=\"3 minutos\" \/>\n<script type=\"application\/ld+json\" class=\"yoast-schema-graph\">{\"@context\":\"https:\/\/schema.org\",\"@graph\":[{\"@type\":\"Organization\",\"@id\":\"https:\/\/drmauricioleon.net\/portal\/#organization\",\"name\":\"Dr. Mauricio Le\u00f3n\",\"url\":\"https:\/\/drmauricioleon.net\/portal\/\",\"sameAs\":[\"https:\/\/www.facebook.com\/Dr.mauricioleon\",\"https:\/\/www.linkedin.com\/in\/mauricio-le\u00f3n-rivera-ab525598\",\"http:\/\/www.youtube.com\/user\/centrodetector\",\"https:\/\/twitter.com\/drleonmauricio\"],\"logo\":{\"@type\":\"ImageObject\",\"@id\":\"https:\/\/drmauricioleon.net\/portal\/#logo\",\"inLanguage\":\"es-PE\",\"url\":\"https:\/\/drmauricioleon.net\/portal\/wp-content\/uploads\/2020\/01\/logo-drml-e1586281768776.png\",\"contentUrl\":\"https:\/\/drmauricioleon.net\/portal\/wp-content\/uploads\/2020\/01\/logo-drml-e1586281768776.png\",\"width\":220,\"height\":72,\"caption\":\"Dr. Mauricio Le\u00f3n\"},\"image\":{\"@id\":\"https:\/\/drmauricioleon.net\/portal\/#logo\"}},{\"@type\":\"WebSite\",\"@id\":\"https:\/\/drmauricioleon.net\/portal\/#website\",\"url\":\"https:\/\/drmauricioleon.net\/portal\/\",\"name\":\"Dr Mauricio Le\u00f3n\",\"description\":\"Cirujano general y onc\u00f3logo y sub especialista en tumores de Mamas, Tejidos Blandos y Piel. Es m\u00e9dico staff de la Cl\u00ednica Ricardo Palma y de Oncosalud.\",\"publisher\":{\"@id\":\"https:\/\/drmauricioleon.net\/portal\/#organization\"},\"potentialAction\":[{\"@type\":\"SearchAction\",\"target\":{\"@type\":\"EntryPoint\",\"urlTemplate\":\"https:\/\/drmauricioleon.net\/portal\/?s={search_term_string}\"},\"query-input\":\"required name=search_term_string\"}],\"inLanguage\":\"es-PE\"},{\"@type\":\"ImageObject\",\"@id\":\"https:\/\/drmauricioleon.net\/portal\/cancer-de-mama\/factores\/#primaryimage\",\"inLanguage\":\"es-PE\",\"url\":\"https:\/\/drmauricioleon.net\/portal\/wp-content\/uploads\/2020\/02\/Distribucion.png\",\"contentUrl\":\"https:\/\/drmauricioleon.net\/portal\/wp-content\/uploads\/2020\/02\/Distribucion.png\",\"width\":1200,\"height\":848},{\"@type\":\"WebPage\",\"@id\":\"https:\/\/drmauricioleon.net\/portal\/cancer-de-mama\/factores\/#webpage\",\"url\":\"https:\/\/drmauricioleon.net\/portal\/cancer-de-mama\/factores\/\",\"name\":\"Factores de riesgo - Dr Mauricio Le\u00f3n\",\"isPartOf\":{\"@id\":\"https:\/\/drmauricioleon.net\/portal\/#website\"},\"primaryImageOfPage\":{\"@id\":\"https:\/\/drmauricioleon.net\/portal\/cancer-de-mama\/factores\/#primaryimage\"},\"datePublished\":\"2020-02-13T23:17:25+00:00\",\"dateModified\":\"2020-02-21T05:51:45+00:00\",\"breadcrumb\":{\"@id\":\"https:\/\/drmauricioleon.net\/portal\/cancer-de-mama\/factores\/#breadcrumb\"},\"inLanguage\":\"es-PE\",\"potentialAction\":[{\"@type\":\"ReadAction\",\"target\":[\"https:\/\/drmauricioleon.net\/portal\/cancer-de-mama\/factores\/\"]}]},{\"@type\":\"BreadcrumbList\",\"@id\":\"https:\/\/drmauricioleon.net\/portal\/cancer-de-mama\/factores\/#breadcrumb\",\"itemListElement\":[{\"@type\":\"ListItem\",\"position\":1,\"name\":\"Portada\",\"item\":\"https:\/\/drmauricioleon.net\/portal\/\"},{\"@type\":\"ListItem\",\"position\":2,\"name\":\"C\u00e1ncer de mama\",\"item\":\"https:\/\/drmauricioleon.net\/portal\/cancer-de-mama\/\"},{\"@type\":\"ListItem\",\"position\":3,\"name\":\"Factores de riesgo\"}]}]}<\/script>\n<!-- \/ Yoast SEO plugin. -->","yoast_head_json":{"title":"Factores de riesgo - Dr Mauricio Le\u00f3n","robots":{"index":"index","follow":"follow","max-snippet":"max-snippet:-1","max-image-preview":"max-image-preview:large","max-video-preview":"max-video-preview:-1"},"canonical":"https:\/\/drmauricioleon.net\/portal\/cancer-de-mama\/factores\/","og_locale":"es_ES","og_type":"article","og_title":"Factores de riesgo - Dr Mauricio Le\u00f3n","og_description":"[vc_row full_width=&#8221;0&#8243; full_height=&#8221;0&#8243; sep_bottom=&#8221;separator_bottom sep_angled_positive_bottom&#8221; particles=&#8221;0&#8243;][vc_column width=&#8221;1\/2&#8243; margin=&#8221;margin_bottom_grid&#8221; offset=&#8221;vc_col-md-8&#8243;][vc_column_text] La edad: El riesgo de padecer c\u00e1ncer de mama aumenta con la edad, m\u00e1s del 75% de los casos se diagnostican en mujeres mayores de 50 a\u00f1os, y el 18% restante entre los cuarenta y cincuenta a\u00f1os. Antecedentes familiares: El riesgo es mayor entre las mujeres [&hellip;]","og_url":"https:\/\/drmauricioleon.net\/portal\/cancer-de-mama\/factores\/","og_site_name":"Dr Mauricio Le\u00f3n","article_publisher":"https:\/\/www.facebook.com\/Dr.mauricioleon","article_modified_time":"2020-02-21T05:51:45+00:00","og_image":[{"url":"https:\/\/drmauricioleon.net\/portal\/wp-content\/uploads\/2020\/02\/Distribucion-300x212.png"}],"twitter_card":"summary_large_image","twitter_site":"@drleonmauricio","twitter_misc":{"Est. reading time":"3 minutos"},"schema":{"@context":"https:\/\/schema.org","@graph":[{"@type":"Organization","@id":"https:\/\/drmauricioleon.net\/portal\/#organization","name":"Dr. Mauricio Le\u00f3n","url":"https:\/\/drmauricioleon.net\/portal\/","sameAs":["https:\/\/www.facebook.com\/Dr.mauricioleon","https:\/\/www.linkedin.com\/in\/mauricio-le\u00f3n-rivera-ab525598","http:\/\/www.youtube.com\/user\/centrodetector","https:\/\/twitter.com\/drleonmauricio"],"logo":{"@type":"ImageObject","@id":"https:\/\/drmauricioleon.net\/portal\/#logo","inLanguage":"es-PE","url":"https:\/\/drmauricioleon.net\/portal\/wp-content\/uploads\/2020\/01\/logo-drml-e1586281768776.png","contentUrl":"https:\/\/drmauricioleon.net\/portal\/wp-content\/uploads\/2020\/01\/logo-drml-e1586281768776.png","width":220,"height":72,"caption":"Dr. Mauricio Le\u00f3n"},"image":{"@id":"https:\/\/drmauricioleon.net\/portal\/#logo"}},{"@type":"WebSite","@id":"https:\/\/drmauricioleon.net\/portal\/#website","url":"https:\/\/drmauricioleon.net\/portal\/","name":"Dr Mauricio Le\u00f3n","description":"Cirujano general y onc\u00f3logo y sub especialista en tumores de Mamas, Tejidos Blandos y Piel. Es m\u00e9dico staff de la Cl\u00ednica Ricardo Palma y de Oncosalud.","publisher":{"@id":"https:\/\/drmauricioleon.net\/portal\/#organization"},"potentialAction":[{"@type":"SearchAction","target":{"@type":"EntryPoint","urlTemplate":"https:\/\/drmauricioleon.net\/portal\/?s={search_term_string}"},"query-input":"required name=search_term_string"}],"inLanguage":"es-PE"},{"@type":"ImageObject","@id":"https:\/\/drmauricioleon.net\/portal\/cancer-de-mama\/factores\/#primaryimage","inLanguage":"es-PE","url":"https:\/\/drmauricioleon.net\/portal\/wp-content\/uploads\/2020\/02\/Distribucion.png","contentUrl":"https:\/\/drmauricioleon.net\/portal\/wp-content\/uploads\/2020\/02\/Distribucion.png","width":1200,"height":848},{"@type":"WebPage","@id":"https:\/\/drmauricioleon.net\/portal\/cancer-de-mama\/factores\/#webpage","url":"https:\/\/drmauricioleon.net\/portal\/cancer-de-mama\/factores\/","name":"Factores de riesgo - Dr Mauricio Le\u00f3n","isPartOf":{"@id":"https:\/\/drmauricioleon.net\/portal\/#website"},"primaryImageOfPage":{"@id":"https:\/\/drmauricioleon.net\/portal\/cancer-de-mama\/factores\/#primaryimage"},"datePublished":"2020-02-13T23:17:25+00:00","dateModified":"2020-02-21T05:51:45+00:00","breadcrumb":{"@id":"https:\/\/drmauricioleon.net\/portal\/cancer-de-mama\/factores\/#breadcrumb"},"inLanguage":"es-PE","potentialAction":[{"@type":"ReadAction","target":["https:\/\/drmauricioleon.net\/portal\/cancer-de-mama\/factores\/"]}]},{"@type":"BreadcrumbList","@id":"https:\/\/drmauricioleon.net\/portal\/cancer-de-mama\/factores\/#breadcrumb","itemListElement":[{"@type":"ListItem","position":1,"name":"Portada","item":"https:\/\/drmauricioleon.net\/portal\/"},{"@type":"ListItem","position":2,"name":"C\u00e1ncer de mama","item":"https:\/\/drmauricioleon.net\/portal\/cancer-de-mama\/"},{"@type":"ListItem","position":3,"name":"Factores de riesgo"}]}]}},"_links":{"self":[{"href":"https:\/\/drmauricioleon.net\/portal\/wp-json\/wp\/v2\/pages\/2697"}],"collection":[{"href":"https:\/\/drmauricioleon.net\/portal\/wp-json\/wp\/v2\/pages"}],"about":[{"href":"https:\/\/drmauricioleon.net\/portal\/wp-json\/wp\/v2\/types\/page"}],"author":[{"embeddable":true,"href":"https:\/\/drmauricioleon.net\/portal\/wp-json\/wp\/v2\/users\/1"}],"replies":[{"embeddable":true,"href":"https:\/\/drmauricioleon.net\/portal\/wp-json\/wp\/v2\/comments?post=2697"}],"version-history":[{"count":7,"href":"https:\/\/drmauricioleon.net\/portal\/wp-json\/wp\/v2\/pages\/2697\/revisions"}],"predecessor-version":[{"id":3004,"href":"https:\/\/drmauricioleon.net\/portal\/wp-json\/wp\/v2\/pages\/2697\/revisions\/3004"}],"up":[{"embeddable":true,"href":"https:\/\/drmauricioleon.net\/portal\/wp-json\/wp\/v2\/pages\/2703"}],"wp:attachment":[{"href":"https:\/\/drmauricioleon.net\/portal\/wp-json\/wp\/v2\/media?parent=2697"}],"curies":[{"name":"wp","href":"https:\/\/api.w.org\/{rel}","templated":true}]}}