{"id":2605,"date":"2020-02-11T04:55:10","date_gmt":"2020-02-11T04:55:10","guid":{"rendered":"https:\/\/drmauricioleon.net\/portal\/?page_id=2605"},"modified":"2020-03-02T22:36:57","modified_gmt":"2020-03-02T22:36:57","slug":"filosofia","status":"publish","type":"page","link":"https:\/\/drmauricioleon.net\/portal\/tu-medico\/filosofia\/","title":{"rendered":"Filosof\u00eda"},"content":{"rendered":"<p>[vc_row full_width=&#8221;0&#8243; full_height=&#8221;0&#8243; particles=&#8221;0&#8243;][vc_column margin=&#8221;margin_bottom_grid&#8221; offset=&#8221;vc_col-md-6&#8243;][vc_column_text]<\/p>\n<p style=\"text-align: justify;\">El objetivo es identificar adecuadamente el problema espec\u00edfico de cada paciente para establecer la mejor estrategia terap\u00e9utica posible basada en los tratamientos m\u00e1s innovadores y efectivos. As\u00ed, el trato humano y personalizado para cada una de nuestras pacientes permite garantizar los mejores resultados cl\u00ednicos posibles basados en una atenci\u00f3n integral y de excelencia<\/p>\n<p>[\/vc_column_text][vc_column_text]<\/p>\n<p style=\"text-align: justify;\">El enfoque integral consiste en una visi\u00f3n del paciente m\u00e1s all\u00e1 de la enfermedad en s\u00ed misma. De esta manera, se pueden establecer estrategias diagn\u00f3sticas y terap\u00e9uticas ajustadas a las necesidades y expectativas de cada persona contemplando tambi\u00e9n aspectos tan importantes como el psicol\u00f3gico o emocional.<\/p>\n<p style=\"text-align: justify;\">Por otro lado, dado que las diferentes modalidades de diagn\u00f3stico y tratamiento se encuentran en constante evoluci\u00f3n, la decisi\u00f3n de la mejor estrategia puede requerir de la participaci\u00f3n de numerosos especialistas que conozcan los avances en cada \u00e1rea espec\u00edfica. As\u00ed, la atenci\u00f3n de nuestras pacientes se lleva a cabo por un equipo multidisciplinario de m\u00e9dicos especializados en cada tipo de enfermedad.<\/p>\n<p style=\"text-align: justify;\">Nuestro principal objetivo es brindar la mejor calidad de atenci\u00f3n a la paciente basada en la excelencia profesional y personal.<\/p>\n<p>[\/vc_column_text][vc_text_separator title=&#8221;Tu primera cita&#8221; title_align=&#8221;separator_align_left&#8221;][vc_column_text]<\/p>\n<p style=\"text-align: justify;\">En su primera visita obtendr\u00e1 un diagn\u00f3stico y le indicaremos sobre el tratamiento a seguir, de forma c\u00f3moda, r\u00e1pida y con total confidencialidad.<\/p>\n<p style=\"text-align: justify;\">Solicitar cita: Antes que nada, lo primero que tiene que hacer es pedir cita a trav\u00e9s de nuestro tel\u00e9fono de atenci\u00f3n a pacientes o rellenando el formulario de nuestra web.<\/p>\n<p style=\"text-align: justify;\">En ambos casos uno de nuestros asesores le atender\u00e1 de forma personalizada y confidencial, indic\u00e1ndole los primeros pasos a seguir seg\u00fan su caso.<\/p>\n<p>[\/vc_column_text][vc_text_separator title=&#8221;Diagn\u00f3stico y recomendaci\u00f3n de tratamiento&#8221; title_align=&#8221;separator_align_left&#8221;][vc_column_text]<\/p>\n<p style=\"text-align: justify;\">Despu\u00e9s de una peque\u00f1a entrevista, el m\u00e9dico le pedir\u00e1 su historial m\u00e9dico y proceder\u00e1 a realizarle algunas pruebas de diagn\u00f3stico.<\/p>\n<p style=\"text-align: justify;\">Todas las pruebas se hacen al momento. El Dr. Mauricio Le\u00f3n, quien una vez obtenidos los resultados, le recibir\u00e1 de nuevo para comunicarle el diagn\u00f3stico y asesorarle sobre el tratamiento m\u00e1s adecuado a seguir.<\/p>\n<p>[\/vc_column_text][\/vc_column][vc_column offset=&#8221;vc_col-md-6&#8243;][vc_video link=&#8221;https:\/\/www.youtube.com\/watch?v=as6PsDwGgCA&#8221;][vc_text_separator title=&#8221;Segunda Opini\u00f3n&#8221; title_align=&#8221;separator_align_left&#8221;][vc_column_text]<\/p>\n<p style=\"text-align: justify;\">Una segunda opini\u00f3n m\u00e9dica es un recurso valioso cuando un paciente o m\u00e9dico se enfrenta a enfermedad compleja o de dif\u00edcil tratamiento. Por diversos motivos, la mayor\u00eda de las personas suele tener un acceso limitado a una atenci\u00f3n especializada.<\/p>\n<p style=\"text-align: justify;\">Para nosotros, es prioritario colaborar con profesionales de otras instituciones y con pacientes que requieran de una opini\u00f3n especializada. El objetivo es establecer una comunicaci\u00f3n r\u00e1pida y efectiva; y trabajar en estrecha relaci\u00f3n brindando al paciente un trato profesional, c\u00e1lido, y humano.<\/p>\n<p style=\"text-align: justify;\">Una vez obtenida nuestra segunda opini\u00f3n o al finalizar nuestro tratamiento, los pacientes son remitidos nuevamente a su lugar de origen con las pautas de futuros tratamientos o con las normas sugeridas de seguimiento a complementar seg\u00fan corresponda.<\/p>\n<p style=\"text-align: justify;\">El diagn\u00f3stico de un tumor maligno o c\u00e1ncer siempre genera, adem\u00e1s de la l\u00f3gica preocupaci\u00f3n en el paciente y sus familiares, una serie de dudas y preguntas que, en ocasiones, no son sencillas de expresar ni de resolver.<\/p>\n<p style=\"text-align: justify;\">La informaci\u00f3n facilitada en el momento del diagn\u00f3stico no siempre satisface totalmente las inquietudes del paciente o de sus allegados. Otras veces es el plan diagn\u00f3stico o terap\u00e9utico el que preocupa al paciente o no responde a sus expectativas.<\/p>\n<p style=\"text-align: justify;\">Todo paciente tiene derecho a obtener de sus m\u00e9dicos una informaci\u00f3n completa y comprensible acerca de su enfermedad, del proceso diagn\u00f3stico y de las posibilidades terap\u00e9uticas que se le podr\u00edan plantear. Si esta informaci\u00f3n no responde a las necesidades del paciente o de sus familiares siempre es posible recabar la opini\u00f3n de un segundo especialista.<\/p>\n<p style=\"text-align: justify;\">La obtenci\u00f3n de esta segunda opini\u00f3n puede tener un doble objetivo. En primer lugar, puede confirmar la opini\u00f3n del primer especialista y, por lo tanto, reafirmar la confianza del paciente en \u00e9l, generando la tranquilidad que contribuya a llevar adelante el proceso de la forma m\u00e1s eficiente posible. En segundo lugar, podr\u00eda abrir al paciente nuevas perspectivas tanto diagn\u00f3sticas, lo que podr\u00eda modificar el pron\u00f3stico inicialmente anunciado, como terap\u00e9uticas, generando nuevas posibilidades al paciente para la curaci\u00f3n o, al menos, para la obtenci\u00f3n de los mejores resultados en el tratamiento de su enfermedad.<\/p>\n<p style=\"text-align: justify;\">Lo que resulta indudable es que el contraste de pareceres, la visi\u00f3n desde otra perspectiva, la consulta de una opini\u00f3n experta, puede contribuir, no s\u00f3lo a la tranquilidad del paciente sino a la mejora de sus posibilidades de tratamiento y curaci\u00f3n del c\u00e1ncer.<\/p>\n<p style=\"text-align: justify;\">La segunda opini\u00f3n no s\u00f3lo hace referencia al diagn\u00f3stico en s\u00ed de la enfermedad, sino que debe extenderse al procedimiento diagn\u00f3stico, al estudio de extensi\u00f3n de la enfermedad y, por supuesto, al plan de tratamiento. Estas tres etapas del proceso tumoral del paciente resultan de extraordinaria importancia porque van a determinar el pron\u00f3stico de su enfermedad.<\/p>\n<p style=\"text-align: justify;\">La segunda opini\u00f3n, facilitada por un experto, contribuir\u00e1 no s\u00f3lo a la tranquilidad del paciente, sino a la mejora de sus expectativas y pron\u00f3stico.<\/p>\n<p>[\/vc_column_text][\/vc_column][vc_column][vc_empty_space][\/vc_column][vc_column align=&#8221;text-left&#8221; color_set=&#8221;white_section&#8221;][vc_empty_space][vc_column_text el_class=&#8221;text-center&#8221;]<img loading=\"lazy\" class=\"alignnone wp-image-2323 \" src=\"http:\/\/drmauricioleon.net\/portal\/wp-content\/uploads\/2020\/01\/cdc-logo.png\" alt=\"\" width=\"168\" height=\"74\" \/>\u00a0\u00a0\u00a0 \u00a0\u00a0\u00a0 \u00a0 \u00a0 \u00a0 \u00a0\u00a0<img loading=\"lazy\" class=\"alignnone wp-image-2325 \" src=\"http:\/\/drmauricioleon.net\/portal\/wp-content\/uploads\/2020\/01\/clinica-ricardo-palma-1.jpg\" alt=\"\" width=\"144\" height=\"76\" srcset=\"https:\/\/drmauricioleon.net\/portal\/wp-content\/uploads\/2020\/01\/clinica-ricardo-palma-1.jpg 340w, https:\/\/drmauricioleon.net\/portal\/wp-content\/uploads\/2020\/01\/clinica-ricardo-palma-1-300x159.jpg 300w\" sizes=\"(max-width: 144px) 100vw, 144px\" \/>\u00a0\u00a0\u00a0 \u00a0\u00a0\u00a0 \u00a0 \u00a0 \u00a0 \u00a0\u00a0<img loading=\"lazy\" class=\"alignnone wp-image-2324 \" src=\"http:\/\/drmauricioleon.net\/portal\/wp-content\/uploads\/2020\/01\/logo-oncosalud-1.png\" alt=\"\" width=\"206\" height=\"54\" srcset=\"https:\/\/drmauricioleon.net\/portal\/wp-content\/uploads\/2020\/01\/logo-oncosalud-1.png 400w, https:\/\/drmauricioleon.net\/portal\/wp-content\/uploads\/2020\/01\/logo-oncosalud-1-300x79.png 300w\" sizes=\"(max-width: 206px) 100vw, 206px\" \/>\u00a0\u00a0\u00a0 \u00a0\u00a0\u00a0 .[\/vc_column_text][vc_empty_space height=&#8221;0px&#8221;][\/vc_column][\/vc_row][vc_row color_set=&#8221;secondary_section&#8221; full_width=&#8221;0&#8243; full_height=&#8221;0&#8243; cols_valign=&#8221;vcenter&#8221; transparent_overlay=&#8221;transparent_film&#8221; background=&#8221;bgimage&#8221; bgimage=&#8221;1191&#8243; parallax=&#8221;0&#8243;][vc_column]<div class=\"section_header subtitle_bottom   fancy text-center\">\r\n\r\n    <h2 style=\"text-align: center;\">Prometimos cuidar &#8230; y cumplimos<\/h2>\n\r\n\r\n        <p >Testimonios<\/p>\r\n<\/div>[\/vc_column][vc_column offset=&#8221;vc_col-md-2&#8243;][\/vc_column][vc_column align=&#8221;text-center&#8221; offset=&#8221;vc_col-md-8&#8243;]<!-- ========================== TESTIMONIALS ==========================-->\r\n\r\n    <div class=\"testimonial testimonial-slider  \">\r\n      <ul class=\"slides\" id=\"69f9daa2c3908\">\r\n          <li>\r\n\t\t\t   \u201cExcelente Dr. Gran ser humano. Un profesional de primera\u201d\r\n\t\t\t<div class=\"name\">\r\n\t          \t<strong>Ana Carolina Le\u00f3n<\/strong> \r\n\t          \t\r\n          \t<\/div>\r\n\r\n          <\/li>\r\n          <li>\r\n\t\t\t   \u201cEs de los mejores doctores que he conocido. Un gran profesional y ser humano\u201d\r\n\t\t\t<div class=\"name\">\r\n\t          \t<strong>Dayana Ruiz Linares <\/strong> \r\n\t          \t\r\n          \t<\/div>\r\n\r\n          <\/li>\r\n          <li>\r\n\t\t\t   \u201cExcelente profesional en Mastolog\u00eda y como ser humano muy amable, cordial, solidario y muy comprometido con sus pacientes y en general. Una bella persona siempre est\u00e1 a la vanguardia en su \u00e1rea\u201d\r\n\t\t\t<div class=\"name\">\r\n\t          \t<strong>Hilda Aire<\/strong> \r\n\t          \t\r\n          \t<\/div>\r\n\r\n          <\/li>\r\n          <li>\r\n\t\t\t   \u201cEs el mejor en su campo. Realmente agradezco su valioso conocimiento y su don de gente que convierte su servicio en excelencia y calidad en la atenci\u00f3n\u201d\r\n\t\t\t<div class=\"name\">\r\n\t          \t<strong>Patricia Pi\u00f1eiro<\/strong> \r\n\t          \t\r\n          \t<\/div>\r\n\r\n          <\/li>\r\n          <li>\r\n\t\t\t   \u201cAdem\u00e1s de un gran profesional, es un amigo de su paciente. muchas gracias por todo Dr Le\u00f3n\u201d\r\n\t\t\t<div class=\"name\">\r\n\t          \t<strong>Christian Yataco<\/strong> \r\n\t          \t\r\n          \t<\/div>\r\n\r\n          <\/li>\r\n          <li>\r\n\t\t\t   Desde hoy son\u00f3 la campanita de recreo hasta el lunes 18 que tengo control, despu\u00e9s de haber terminado con la terapia.\r\n<br>\r\nMe siento agradecida y bendecida con mis amados esposo e hijos que me cuidaron y engrieron m\u00e1s que nunca, con mis queridos y extraordinarios hermanos, cu\u00f1ados y sobrinos, con mis queridos y lindos primos, con mi gran familia, con mis hermanos que la vida me regalo, con mis incre\u00edbles amigos que estuvieron pendientes y con sus llamadas, mensajes y cari\u00f1o, hicieron que mis fuerzas se multipliquen y pueda ganar esta lucha y recargar para seguir, y por supuesto a Mauricio Le\u00f3n Rivera por haber estado en sus manos, el que no s\u00f3lo es un extraordinario m\u00e9dico onc\u00f3logo tambi\u00e9n un gran ser humano, que todo el tiempo nos apoy\u00f3 y guio.\r\n<br>\r\n\r\nGRACIAS TOTALES A TODOS Y CADA UNO.\r\n\t\t\t<div class=\"name\">\r\n\t          \t<strong>Roxana Meneses Sol\u00eds<\/strong> \r\n\t          \t\r\n          \t<\/div>\r\n\r\n          <\/li>\r\n          <li>\r\n\t\t\t   Estimados Doctores Le\u00f3n,\r\n\r\n<br>\r\n\r\nMi nombre es Luis S\u00e1nchez Ato, Piurano como su padre, quien oper\u00f3 a mi madre, Carmen, de c\u00e1ncer de mama hace m\u00e1s de 20 a\u00f1os. En mi familia nadie estudi\u00f3 medicina, pero yo siempre frecuentaba los controles de mi madre en la cl\u00ednica Ricardo Palma. Fue su padre quien sembr\u00f3 en mi el amor por la medicina.\r\n\r\nTuve la oportunidad de ver al Dr. Luis Le\u00f3n atendiendo con pasi\u00f3n y mucha humanidad a mi madre. Me hizo escoger una carrera de la cual me enamor\u00e9. Estudi\u00e9 en la Universidad Peruana de Ciencias Aplicadas, siendo parte durante toda la carrera del 10mo superior. Tuve la oportunidad de hacer investigaci\u00f3n en Italia, desarrollando una plataforma con prote\u00ednas ribosomales para estudio de nuevos antibi\u00f3ticos. Actualmente, trabajo en la cl\u00ednica Delgado, como m\u00e9dico hospitalario.\r\n\r\n<br>\r\n\r\nEl d\u00eda 14 del presente mes recib\u00ed la noticia que ingres\u00e9 a la residencia de Medicina Interna en Estados Unidos. Este nuevo reto lo veo con mucho entusiasmo y quiero agradecer a todas las personas que me dieron \u00e1nimo durante todo el proceso. Esta carta es para agradecer a ustedes por la gran persona y profesional que fue su padre, una persona magn\u00edfica que trabaj\u00f3 haciendo lo que m\u00e1s le apasionaba.\r\n<br>\r\n\u00a1Muchas gracias Dr. Luis Le\u00f3n Atoche!\r\n<br>\r\nSin m\u00e1s me despido,\r\n<br>\r\n<strong>Luis S\u00e1nchez Ato<\/strong>\r\nLinkedin Profile: Luis Sanchez-Ato, M.D.\r\nE-Mail: Luis.Sanchez.Ato@outlook.com\r\n\r\n          <\/li>\r\n      <\/ul>\r\n    <\/div>\r\n\r\n<!-- END======================= TESTIMONIALS ==========================-->[\/vc_column][vc_column offset=&#8221;vc_col-md-2&#8243;][\/vc_column][\/vc_row]<\/p>\n","protected":false},"excerpt":{"rendered":"<p>[vc_row full_width=&#8221;0&#8243; full_height=&#8221;0&#8243; particles=&#8221;0&#8243;][vc_column margin=&#8221;margin_bottom_grid&#8221; offset=&#8221;vc_col-md-6&#8243;][vc_column_text] El objetivo es identificar adecuadamente el problema espec\u00edfico de cada paciente para establecer la mejor estrategia terap\u00e9utica posible basada en los tratamientos m\u00e1s innovadores y efectivos. As\u00ed, el trato humano y personalizado para cada una de nuestras pacientes permite garantizar los mejores resultados cl\u00ednicos posibles basados en una atenci\u00f3n [&hellip;]<\/p>\n","protected":false},"author":1,"featured_media":3115,"parent":2320,"menu_order":0,"comment_status":"closed","ping_status":"closed","template":"","meta":[],"yoast_head":"<!-- This site is optimized with the Yoast SEO plugin v18.3 - https:\/\/yoast.com\/wordpress\/plugins\/seo\/ -->\n<title>Filosof\u00eda - Dr Mauricio Le\u00f3n<\/title>\n<meta name=\"robots\" content=\"index, follow, max-snippet:-1, max-image-preview:large, max-video-preview:-1\" \/>\n<link rel=\"canonical\" href=\"https:\/\/drmauricioleon.net\/portal\/tu-medico\/filosofia\/\" \/>\n<meta property=\"og:locale\" content=\"es_ES\" \/>\n<meta property=\"og:type\" content=\"article\" \/>\n<meta property=\"og:title\" content=\"Filosof\u00eda - Dr Mauricio Le\u00f3n\" \/>\n<meta property=\"og:description\" content=\"[vc_row full_width=&#8221;0&#8243; full_height=&#8221;0&#8243; particles=&#8221;0&#8243;][vc_column margin=&#8221;margin_bottom_grid&#8221; offset=&#8221;vc_col-md-6&#8243;][vc_column_text] El objetivo es identificar adecuadamente el problema espec\u00edfico de cada paciente para establecer la mejor estrategia terap\u00e9utica posible basada en los tratamientos m\u00e1s innovadores y efectivos. As\u00ed, el trato humano y personalizado para cada una de nuestras pacientes permite garantizar los mejores resultados cl\u00ednicos posibles basados en una atenci\u00f3n [&hellip;]\" \/>\n<meta property=\"og:url\" content=\"https:\/\/drmauricioleon.net\/portal\/tu-medico\/filosofia\/\" \/>\n<meta property=\"og:site_name\" content=\"Dr Mauricio Le\u00f3n\" \/>\n<meta property=\"article:publisher\" content=\"https:\/\/www.facebook.com\/Dr.mauricioleon\" \/>\n<meta property=\"article:modified_time\" content=\"2020-03-02T22:36:57+00:00\" \/>\n<meta property=\"og:image\" content=\"https:\/\/drmauricioleon.net\/portal\/wp-content\/uploads\/2020\/03\/filosofia-tit.jpg\" \/>\n\t<meta property=\"og:image:width\" content=\"1000\" \/>\n\t<meta property=\"og:image:height\" content=\"400\" \/>\n\t<meta property=\"og:image:type\" content=\"image\/jpeg\" \/>\n<meta name=\"twitter:card\" content=\"summary_large_image\" \/>\n<meta name=\"twitter:site\" content=\"@drleonmauricio\" \/>\n<meta name=\"twitter:label1\" content=\"Est. reading time\" \/>\n\t<meta name=\"twitter:data1\" content=\"5 minutos\" \/>\n<script type=\"application\/ld+json\" class=\"yoast-schema-graph\">{\"@context\":\"https:\/\/schema.org\",\"@graph\":[{\"@type\":\"Organization\",\"@id\":\"https:\/\/drmauricioleon.net\/portal\/#organization\",\"name\":\"Dr. Mauricio Le\u00f3n\",\"url\":\"https:\/\/drmauricioleon.net\/portal\/\",\"sameAs\":[\"https:\/\/www.facebook.com\/Dr.mauricioleon\",\"https:\/\/www.linkedin.com\/in\/mauricio-le\u00f3n-rivera-ab525598\",\"http:\/\/www.youtube.com\/user\/centrodetector\",\"https:\/\/twitter.com\/drleonmauricio\"],\"logo\":{\"@type\":\"ImageObject\",\"@id\":\"https:\/\/drmauricioleon.net\/portal\/#logo\",\"inLanguage\":\"es-PE\",\"url\":\"https:\/\/drmauricioleon.net\/portal\/wp-content\/uploads\/2020\/01\/logo-drml-e1586281768776.png\",\"contentUrl\":\"https:\/\/drmauricioleon.net\/portal\/wp-content\/uploads\/2020\/01\/logo-drml-e1586281768776.png\",\"width\":220,\"height\":72,\"caption\":\"Dr. Mauricio Le\u00f3n\"},\"image\":{\"@id\":\"https:\/\/drmauricioleon.net\/portal\/#logo\"}},{\"@type\":\"WebSite\",\"@id\":\"https:\/\/drmauricioleon.net\/portal\/#website\",\"url\":\"https:\/\/drmauricioleon.net\/portal\/\",\"name\":\"Dr Mauricio Le\u00f3n\",\"description\":\"Cirujano general y onc\u00f3logo y sub especialista en tumores de Mamas, Tejidos Blandos y Piel. Es m\u00e9dico staff de la Cl\u00ednica Ricardo Palma y de Oncosalud.\",\"publisher\":{\"@id\":\"https:\/\/drmauricioleon.net\/portal\/#organization\"},\"potentialAction\":[{\"@type\":\"SearchAction\",\"target\":{\"@type\":\"EntryPoint\",\"urlTemplate\":\"https:\/\/drmauricioleon.net\/portal\/?s={search_term_string}\"},\"query-input\":\"required name=search_term_string\"}],\"inLanguage\":\"es-PE\"},{\"@type\":\"ImageObject\",\"@id\":\"https:\/\/drmauricioleon.net\/portal\/tu-medico\/filosofia\/#primaryimage\",\"inLanguage\":\"es-PE\",\"url\":\"https:\/\/drmauricioleon.net\/portal\/wp-content\/uploads\/2020\/03\/filosofia-tit.jpg\",\"contentUrl\":\"https:\/\/drmauricioleon.net\/portal\/wp-content\/uploads\/2020\/03\/filosofia-tit.jpg\",\"width\":1000,\"height\":400},{\"@type\":\"WebPage\",\"@id\":\"https:\/\/drmauricioleon.net\/portal\/tu-medico\/filosofia\/#webpage\",\"url\":\"https:\/\/drmauricioleon.net\/portal\/tu-medico\/filosofia\/\",\"name\":\"Filosof\u00eda - Dr Mauricio Le\u00f3n\",\"isPartOf\":{\"@id\":\"https:\/\/drmauricioleon.net\/portal\/#website\"},\"primaryImageOfPage\":{\"@id\":\"https:\/\/drmauricioleon.net\/portal\/tu-medico\/filosofia\/#primaryimage\"},\"datePublished\":\"2020-02-11T04:55:10+00:00\",\"dateModified\":\"2020-03-02T22:36:57+00:00\",\"breadcrumb\":{\"@id\":\"https:\/\/drmauricioleon.net\/portal\/tu-medico\/filosofia\/#breadcrumb\"},\"inLanguage\":\"es-PE\",\"potentialAction\":[{\"@type\":\"ReadAction\",\"target\":[\"https:\/\/drmauricioleon.net\/portal\/tu-medico\/filosofia\/\"]}]},{\"@type\":\"BreadcrumbList\",\"@id\":\"https:\/\/drmauricioleon.net\/portal\/tu-medico\/filosofia\/#breadcrumb\",\"itemListElement\":[{\"@type\":\"ListItem\",\"position\":1,\"name\":\"Portada\",\"item\":\"https:\/\/drmauricioleon.net\/portal\/\"},{\"@type\":\"ListItem\",\"position\":2,\"name\":\"T\u00fa m\u00e9dico\",\"item\":\"https:\/\/drmauricioleon.net\/portal\/tu-medico\/\"},{\"@type\":\"ListItem\",\"position\":3,\"name\":\"Filosof\u00eda\"}]}]}<\/script>\n<!-- \/ Yoast SEO plugin. -->","yoast_head_json":{"title":"Filosof\u00eda - Dr Mauricio Le\u00f3n","robots":{"index":"index","follow":"follow","max-snippet":"max-snippet:-1","max-image-preview":"max-image-preview:large","max-video-preview":"max-video-preview:-1"},"canonical":"https:\/\/drmauricioleon.net\/portal\/tu-medico\/filosofia\/","og_locale":"es_ES","og_type":"article","og_title":"Filosof\u00eda - Dr Mauricio Le\u00f3n","og_description":"[vc_row full_width=&#8221;0&#8243; full_height=&#8221;0&#8243; particles=&#8221;0&#8243;][vc_column margin=&#8221;margin_bottom_grid&#8221; offset=&#8221;vc_col-md-6&#8243;][vc_column_text] El objetivo es identificar adecuadamente el problema espec\u00edfico de cada paciente para establecer la mejor estrategia terap\u00e9utica posible basada en los tratamientos m\u00e1s innovadores y efectivos. As\u00ed, el trato humano y personalizado para cada una de nuestras pacientes permite garantizar los mejores resultados cl\u00ednicos posibles basados en una atenci\u00f3n [&hellip;]","og_url":"https:\/\/drmauricioleon.net\/portal\/tu-medico\/filosofia\/","og_site_name":"Dr Mauricio Le\u00f3n","article_publisher":"https:\/\/www.facebook.com\/Dr.mauricioleon","article_modified_time":"2020-03-02T22:36:57+00:00","og_image":[{"width":1000,"height":400,"url":"https:\/\/drmauricioleon.net\/portal\/wp-content\/uploads\/2020\/03\/filosofia-tit.jpg","type":"image\/jpeg"}],"twitter_card":"summary_large_image","twitter_site":"@drleonmauricio","twitter_misc":{"Est. reading time":"5 minutos"},"schema":{"@context":"https:\/\/schema.org","@graph":[{"@type":"Organization","@id":"https:\/\/drmauricioleon.net\/portal\/#organization","name":"Dr. Mauricio Le\u00f3n","url":"https:\/\/drmauricioleon.net\/portal\/","sameAs":["https:\/\/www.facebook.com\/Dr.mauricioleon","https:\/\/www.linkedin.com\/in\/mauricio-le\u00f3n-rivera-ab525598","http:\/\/www.youtube.com\/user\/centrodetector","https:\/\/twitter.com\/drleonmauricio"],"logo":{"@type":"ImageObject","@id":"https:\/\/drmauricioleon.net\/portal\/#logo","inLanguage":"es-PE","url":"https:\/\/drmauricioleon.net\/portal\/wp-content\/uploads\/2020\/01\/logo-drml-e1586281768776.png","contentUrl":"https:\/\/drmauricioleon.net\/portal\/wp-content\/uploads\/2020\/01\/logo-drml-e1586281768776.png","width":220,"height":72,"caption":"Dr. Mauricio Le\u00f3n"},"image":{"@id":"https:\/\/drmauricioleon.net\/portal\/#logo"}},{"@type":"WebSite","@id":"https:\/\/drmauricioleon.net\/portal\/#website","url":"https:\/\/drmauricioleon.net\/portal\/","name":"Dr Mauricio Le\u00f3n","description":"Cirujano general y onc\u00f3logo y sub especialista en tumores de Mamas, Tejidos Blandos y Piel. Es m\u00e9dico staff de la Cl\u00ednica Ricardo Palma y de Oncosalud.","publisher":{"@id":"https:\/\/drmauricioleon.net\/portal\/#organization"},"potentialAction":[{"@type":"SearchAction","target":{"@type":"EntryPoint","urlTemplate":"https:\/\/drmauricioleon.net\/portal\/?s={search_term_string}"},"query-input":"required name=search_term_string"}],"inLanguage":"es-PE"},{"@type":"ImageObject","@id":"https:\/\/drmauricioleon.net\/portal\/tu-medico\/filosofia\/#primaryimage","inLanguage":"es-PE","url":"https:\/\/drmauricioleon.net\/portal\/wp-content\/uploads\/2020\/03\/filosofia-tit.jpg","contentUrl":"https:\/\/drmauricioleon.net\/portal\/wp-content\/uploads\/2020\/03\/filosofia-tit.jpg","width":1000,"height":400},{"@type":"WebPage","@id":"https:\/\/drmauricioleon.net\/portal\/tu-medico\/filosofia\/#webpage","url":"https:\/\/drmauricioleon.net\/portal\/tu-medico\/filosofia\/","name":"Filosof\u00eda - Dr Mauricio Le\u00f3n","isPartOf":{"@id":"https:\/\/drmauricioleon.net\/portal\/#website"},"primaryImageOfPage":{"@id":"https:\/\/drmauricioleon.net\/portal\/tu-medico\/filosofia\/#primaryimage"},"datePublished":"2020-02-11T04:55:10+00:00","dateModified":"2020-03-02T22:36:57+00:00","breadcrumb":{"@id":"https:\/\/drmauricioleon.net\/portal\/tu-medico\/filosofia\/#breadcrumb"},"inLanguage":"es-PE","potentialAction":[{"@type":"ReadAction","target":["https:\/\/drmauricioleon.net\/portal\/tu-medico\/filosofia\/"]}]},{"@type":"BreadcrumbList","@id":"https:\/\/drmauricioleon.net\/portal\/tu-medico\/filosofia\/#breadcrumb","itemListElement":[{"@type":"ListItem","position":1,"name":"Portada","item":"https:\/\/drmauricioleon.net\/portal\/"},{"@type":"ListItem","position":2,"name":"T\u00fa m\u00e9dico","item":"https:\/\/drmauricioleon.net\/portal\/tu-medico\/"},{"@type":"ListItem","position":3,"name":"Filosof\u00eda"}]}]}},"_links":{"self":[{"href":"https:\/\/drmauricioleon.net\/portal\/wp-json\/wp\/v2\/pages\/2605"}],"collection":[{"href":"https:\/\/drmauricioleon.net\/portal\/wp-json\/wp\/v2\/pages"}],"about":[{"href":"https:\/\/drmauricioleon.net\/portal\/wp-json\/wp\/v2\/types\/page"}],"author":[{"embeddable":true,"href":"https:\/\/drmauricioleon.net\/portal\/wp-json\/wp\/v2\/users\/1"}],"replies":[{"embeddable":true,"href":"https:\/\/drmauricioleon.net\/portal\/wp-json\/wp\/v2\/comments?post=2605"}],"version-history":[{"count":6,"href":"https:\/\/drmauricioleon.net\/portal\/wp-json\/wp\/v2\/pages\/2605\/revisions"}],"predecessor-version":[{"id":2981,"href":"https:\/\/drmauricioleon.net\/portal\/wp-json\/wp\/v2\/pages\/2605\/revisions\/2981"}],"up":[{"embeddable":true,"href":"https:\/\/drmauricioleon.net\/portal\/wp-json\/wp\/v2\/pages\/2320"}],"wp:featuredmedia":[{"embeddable":true,"href":"https:\/\/drmauricioleon.net\/portal\/wp-json\/wp\/v2\/media\/3115"}],"wp:attachment":[{"href":"https:\/\/drmauricioleon.net\/portal\/wp-json\/wp\/v2\/media?parent=2605"}],"curies":[{"name":"wp","href":"https:\/\/api.w.org\/{rel}","templated":true}]}}